rs of k?
3, 59, 137
Suppose 3*f + 7*f = -12*f. Suppose 23*c - 33*c + 1230 = f. What are the prime factors of c?
3, 41
Let h(u) be the third derivative of u**4/24 + 2*u**3 - 15*u**2. Let x be h(16). Suppose 130 = 6*s + x. What are the prime factors of s?
17
Suppose 10*c - 21*c + 10*c = 0. Let i(x) = 70*x**2 + 3*x + 3. Let o be i(3). Suppose c = 5*k - 11*k + o. List the prime factors of k.
107
Let k = -187 + 190. Suppose 4*d - 3*l - 864 = d, -2*d + 582 = -5*l. Suppose 77 + d = k*s. What are the prime factors of s?
11
Let r(u) = u**3 - u**2 + u - 1. Let q be r(0). Let k(j) be the third derivative of 16*j**5/15 + j**4/8 + j**3/3 + 9*j**2. List the prime factors of k(q).
3, 7
Suppose -4*l = -2*n - 54, -99 = 4*n + 10*l - 15*l. Let k(o) = -6*o**2 - 141*o + 2. List the prime factors of k(n).
317
Let v = 18997 + 2754. List the prime factors of v.
21751
Let l(s) = 461*s**3 + 5*s**2 - 5*s - 3. What are the prime factors of l(2)?
5, 739
Suppose 3*o - 12 = -3*y, 4*y + 3*o + 3 - 14 = 0. Let q be 2*(-1 - 0) + (-4)/y. Suppose 0 = -4*x + z - q*z + 650, 3*x - 493 = 2*z. List the prime factors of x.
163
Let o be (-8)/6*(-66)/(-4). Let i = 31 + o. Suppose -6*c = -i*c + 333. What are the prime factors of c?
3, 37
Let d = 11668 + -8231. List the prime factors of d.
7, 491
Let n(m) = m**3 - 42*m**2 - 57*m + 92. What are the prime factors of n(45)?
2, 1801
Suppose 189*i = -2*x + 187*i + 40212, 4*x + 3*i = 80430. List the prime factors of x.
2, 3, 419
Suppose 0 = -13009*y + 12997*y + 499128. What are the prime factors of y?
2, 7, 2971
Suppose 37*m - 385*m + 1505216 + 361456 = 0. What are the prime factors of m?
2, 3, 149
Let z(i) be the second derivative of -i**5/20 - 19*i**4/12 - i**3/6 + i**2 + 42*i. Let m be (-2)/3*(-171)/(-6). What are the prime factors of z(m)?
3, 7
Suppose -8*l - l + 1017 = 0. Let k = 302 + l. What are the prime factors of k?
5, 83
Suppose z - 2*z = 2. List the prime factors of ((-1 - z)*-1)/((-2)/1294).
647
Suppose -176*a + 5*a = -211869. What are the prime factors of a?
3, 7, 59
Let w = -1014 + 3763. What are the prime factors of w?
2749
Suppose -h + 2 = 0, -2*x - 5*h - 239 - 401 = 0. Let t = x - -602. List the prime factors of t.
277
Let v(t) = -t**2 - 12*t - 20. Let x be v(-15). Let f = -64 - -13. Let m = f - x. What are the prime factors of m?
2, 7
Suppose 2*s - 952 - 121636 = -3*i, 0 = -4*s + 28. List the prime factors of i.
2, 31, 659
List the prime factors of 741427/124 - (-3 - (-36)/16).
2, 5, 13, 23
Let c(s) = 4 + 2*s**2 - 2 + 27*s**2 + 2*s + 86*s**2. Let b be c(-1). Suppose 3*q + k = 342, 3*k + 1 = -q + b. List the prime factors of q.
2, 3, 19
Let r = -2799 + 534. List the prime factors of (3/2)/(r/(-2256) - 1).
2, 47
Let y(x) = 59*x**2 - 56*x - 690. List the prime factors of y(-23).
3, 23, 461
Let j(z) = -2*z**3 - z**2 + 2*z. Let m(n) = n + 4. Let g be m(-6). Let y be j(g). List the prime factors of 39/52 + 594/y.
3, 5
Suppose 32*q - 236 - 20 = 0. Suppose 0 = q*r - 1372 - 2108. List the prime factors of r.
3, 5, 29
Let r(f) = 218*f - 4406. What are the prime factors of r(44)?
2, 2593
Suppose 10*u - 14 - 66 = 0. Let b be 4/u - 15/6. Let l = b - -42. List the prime factors of l.
2, 5
Suppose -76*s = -81*s + 345. Suppose s*t - 74*t = -255. What are the prime factors of t?
3, 17
Suppose 26 = 10*v - 14. Suppose -v*z - 3*o + 395 = 0, -322 - 63 = -4*z - o. List the prime factors of z.
5, 19
Let m be ((-8)/(-1))/(12 - 14). Let q = -23 - -84. Let a = m + q. List the prime factors of a.
3, 19
Let g = -621 + 393. Let n = 18 - g. What are the prime factors of n?
2, 3, 41
Suppose -4*u + 38 = -2*v - 30, -108 = 2*v + 4*u. What are the prime factors of (-2)/(-8) - (6941/v + -2)?
2, 5
Let s(t) = 2*t**2 + 15*t + 33. Let w be s(-9). Let j(v) = -13*v - v**2 + 137 - w - 69. What are the prime factors of j(-8)?
2, 3
Suppose -15 = g - 19. Suppose -g*k + 0*j + 169 = -j, 0 = k - 3*j - 45. Suppose -4*r + r + 17 = n, 4*n - r = k. What are the prime factors of n?
11
Let k = -284 + 284. Let b(w) = w + 1360. What are the prime factors of b(k)?
2, 5, 17
Let y be ((-24)/(-20))/((-1)/5). Let t = y - -11. Suppose 0 = -t*h + 581 - 6. List the prime factors of h.
5, 23
Let a = -52972 - -92346. What are the prime factors of a?
2, 19687
Let s(m) = 5*m**2 - 3*m + 3. Let r be s(1). Suppose 0 = 5*o, 3*j - 4*o = r*j - 534. List the prime factors of j.
3, 89
Let v be (6*335/(-40))/(9/24). What are the prime factors of (0 + 35/(-14))*v?
5, 67
Let q(g) = -3*g**2 + 40 + 59*g + g**2 + 5*g**2 + g**2. Let a(i) = i**2 + 15*i + 10. Let l(f) = -9*a(f) + 2*q(f). What are the prime factors of l(-11)?
2, 7
Let c = 22 + 10. Let t be (-1)/(943/(-157) + 56 + -50). Suppose -31*x - t = -c*x. What are the prime factors of x?
157
Suppose 10*o = -12*o - 28776. Let u = o - -2080. List the prime factors of u.
2, 193
Let s be (5/(-10))/(2/592). Let l = -243 - s. Let p = l - -180. List the prime factors of p.
5, 17
Suppose -6*m - 21076 = -17*m. Suppose -3*x + m = 2*x - p, 3*p = 5*x - 1908. What are the prime factors of x?
2, 3
Let w = 68 + -77. List the prime factors of (-3202)/w + (-50)/(-225).
2, 89
Let u(t) = t + 16*t**2 - t**3 - 4*t - 8*t**2. Let w(l) = -6*l - 18. Let z be w(-4). What are the prime factors of u(z)?
2, 3
Let i(v) = -32*v + 10. Let r = 48 - 59. What are the prime factors of i(r)?
2, 181
Suppose 4*o - 3*m - 18020 = 0, 1596*o - 3*m + 8992 = 1598*o. List the prime factors of o.
2, 2251
Suppose 8*g - 101*g + 1384212 = 0. What are the prime factors of g?
2, 61
Suppose 8*j + 32 = -2*m + 3*j, -j - 4 = 0. Let v(x) = -x**3 + 2*x + 8. List the prime factors of v(m).
2, 53
Let x = 120 - 113. Suppose 0 = -x*b + 1895 + 5210. List the prime factors of b.
5, 7, 29
Suppose -h - 3 = 0, u + 3*h + 40 + 100 = 0. Let n be 12/(-6)*(-586)/4. Let i = u + n. What are the prime factors of i?
2, 3
Suppose 203*d - 316426 = 184*d. What are the prime factors of d?
2, 11, 757
Let s(z) = 2*z**2 + 20*z - 1. Suppose -5*t = 2*j - 22 - 7, -j = 3*t - 18. What are the prime factors of s(t)?
3, 79
Suppose -318*m + 320*m - 28863 = -3*y, -4*y + 28866 = 2*m. List the prime factors of m.
3, 7, 229
Let j(o) = -o**3 + 21*o**2 + o + 6. Let l be j(21). Let x(f) = -f**3 + 28*f**2 - 20*f. Let g be x(l). Suppose 18*v - 1143 = g. List the prime factors of v.
2, 37
Suppose 4*a + 44 = -4*x, 0 = 5*a + 3*x + 46 + 3. Let h = 146 + a. List the prime factors of h.
2, 3, 23
Suppose -32*m = -128749 - 50931. What are the prime factors of m?
5, 1123
What are the prime factors of (-32 + 34)*(-7909)/(-2)?
11, 719
List the prime factors of ((-683328)/(-384))/(1/6).
3, 3559
Let z = -116177 + 177192. What are the prime factors of z?
5, 12203
Suppose j = -5*h + 235917, 2*h = -34*j + 32*j + 94370. What are the prime factors of h?
29, 1627
Let r(p) = 856*p**3 - 9*p + 18. Let b be r(2). Suppose -41*y + 37*y + b = 0. What are the prime factors of y?
2, 107
Suppose 71567 - 1147 = 10*l. List the prime factors of l.
2, 7, 503
Suppose 5*s = -1180 + 20575. List the prime factors of s.
3, 431
Let p(n) = -98*n - 286. Let d(u) = -66*u - 191. Let t(b) = 7*d(b) - 5*p(b). List the prime factors of t(28).
877
Let f = 64 - 26. Suppose 5*b = 5, -x + 191 = 5*b + 42. Let z = x - f. What are the prime factors of z?
2, 53
Let t = 23483 + -12932. List the prime factors of t.
3, 3517
Let j = 7 + 379. Let x = -349 + j. List the prime factors of x.
37
Suppose -4*u = 3*j - 93300, -571*j + 573*j = -u + 23325. What are the prime factors of u?
3, 5, 311
Let b be -3378*(0 + (-6)/36). Let j = -338 + b. What are the prime factors of j?
3, 5
Let p = 9065 - 2125. List the prime factors of p.
2, 5, 347
Let j(t) = 139*t**3 - 5*t + 4. Let l = -103 + 189. Let c = l - 85. What are the prime factors of j(c)?
2, 3, 23
Suppose 4*k - 143932 = -4*f, 5*f - 20511 = -3*k + 87426. List the prime factors of k.
17, 29, 73
Let b(i) = -14*i + 22. Let w be b(2). List the prime factors of (-9)/w*-4 + 247.
241
Suppose 0 = 70*j - 339936 - 41004. What are the prime factors of j?
2, 3, 907
Suppose -w = 5*t - 9513, -2*w + 2*t + 2707 = -16259. What are the prime factors of w?
2, 593
Suppose 0 = -43*h + 14000 + 24743. What are the prime factors of h?
17, 53
Suppose -2 = -22*f + 174. What are the prime factors of 512/(-6)*(36/f)/(-3)?
2
Suppose -33*s = -88*s + 149731 + 522864. List the prime factors of s